s divided by 333?
2
Calculate the remainder when 685608 is divided by 170.
168
What is the remainder when 274 is divided by 14?
8
Calculate the remainder when 3551 is divided by 199.
168
Calculate the remainder when 7350 is divided by 1085.
840
Calculate the remainder when 4739 is divided by 11.
9
Calculate the remainder when 6033 is divided by 1023.
918
Calculate the remainder when 20320 is divided by 36.
16
Calculate the remainder when 24952 is divided by 210.
172
Calculate the remainder when 995 is divided by 236.
51
What is the remainder when 80100 is divided by 80095?
5
Calculate the remainder when 20066 is divided by 54.
32
Calculate the remainder when 83995 is divided by 166.
165
What is the remainder when 4261685 is divided by 286?
285
What is the remainder when 15618 is divided by 3423?
1926
Calculate the remainder when 10347 is divided by 382.
33
Calculate the remainder when 270349 is divided by 50.
49
Calculate the remainder when 1940 is divided by 82.
54
Calculate the remainder when 1740 is divided by 215.
20
What is the remainder when 245067 is divided by 122?
91
What is the remainder when 151060 is divided by 102?
100
What is the remainder when 1368 is divided by 7?
3
What is the remainder when 3099 is divided by 58?
25
What is the remainder when 1820 is divided by 23?
3
What is the remainder when 3395 is divided by 1681?
33
What is the remainder when 18621 is divided by 121?
108
What is the remainder when 595 is divided by 283?
29
Calculate the remainder when 8970 is divided by 339.
156
Calculate the remainder when 253896 is divided by 63474.
0
What is the remainder when 132187 is divided by 317?
315
Calculate the remainder when 212883 is divided by 70955.
18
Calculate the remainder when 51997 is divided by 51894.
103
What is the remainder when 46548 is divided by 175?
173
What is the remainder when 12929 is divided by 67?
65
What is the remainder when 7885 is divided by 34?
31
What is the remainder when 23563 is divided by 693?
1
Calculate the remainder when 1405 is divided by 147.
82
What is the remainder when 1827 is divided by 10?
7
What is the remainder when 58230 is divided by 7?
4
What is the remainder when 168791 is divided by 26?
25
What is the remainder when 12097 is divided by 55?
52
Calculate the remainder when 3383 is divided by 430.
373
What is the remainder when 13723 is divided by 1959?
10
Calculate the remainder when 76776 is divided by 349.
345
Calculate the remainder when 2710 is divided by 20.
10
What is the remainder when 549763 is divided by 42?
25
Calculate the remainder when 2770 is divided by 18.
16
What is the remainder when 8461 is divided by 403?
401
Calculate the remainder when 776947 is divided by 39.
28
Calculate the remainder when 52125 is divided by 353.
234
What is the remainder when 64081 is divided by 8009?
9
What is the remainder when 5401 is divided by 164?
153
What is the remainder when 798686 is divided by 266227?
5
What is the remainder when 17434 is divided by 105?
4
Calculate the remainder when 7042 is divided by 3505.
32
Calculate the remainder when 112747 is divided by 110.
107
Calculate the remainder when 14944 is divided by 24.
16
What is the remainder when 25375 is divided by 8453?
16
Calculate the remainder when 189371 is divided by 12.
11
What is the remainder when 2475 is divided by 795?
90
Calculate the remainder when 362906 is divided by 61.
17
What is the remainder when 73607 is divided by 205?
12
Calculate the remainder when 25970 is divided by 157.
65
Calculate the remainder when 1049 is divided by 281.
206
What is the remainder when 75205 is divided by 1567?
1556
Calculate the remainder when 1231 is divided by 693.
538
What is the remainder when 947723 is divided by 5?
3
Calculate the remainder when 9344 is divided by 4661.
22
Calculate the remainder when 729 is divided by 538.
191
What is the remainder when 1301 is divided by 58?
25
What is the remainder when 57491 is divided by 5720?
291
What is the remainder when 119045 is divided by 149?
143
Calculate the remainder when 2443 is divided by 290.
123
Calculate the remainder when 58298 is divided by 293.
284
Calculate the remainder when 40049 is divided by 10.
9
What is the remainder when 28871 is divided by 28849?
22
What is the remainder when 211582 is divided by 29?
27
What is the remainder when 4746 is divided by 5?
1
Calculate the remainder when 35246 is divided by 8811.
2
Calculate the remainder when 3009 is divided by 8.
1
What is the remainder when 410706 is divided by 1226?
1222
What is the remainder when 38279 is divided by 80?
39
What is the remainder when 14312 is divided by 4766?
14
What is the remainder when 40399 is divided by 808?
807
Calculate the remainder when 375999 is divided by 33.
30
What is the remainder when 1167 is divided by 1131?
36
What is the remainder when 76932 is divided by 10?
2
Calculate the remainder when 8183 is divided by 114.
89
What is the remainder when 11967 is divided by 440?
87
Calculate the remainder when 32684 is divided by 436.
420
What is the remainder when 275356 is divided by 139?
136
Calculate the remainder when 112272 is divided by 28068.
0
Calculate the remainder when 12242 is divided by 141.
116
What is the remainder when 145292 is divided by 643?
617
Calculate the remainder when 76950 is divided by 113.
110
What is the remainder when 98260 is divided by 945?
925
Calculate the remainder when 105166 is divided by 84.
82
Calculate the remainder when 2648 is divided by 2213.
435
What is the remainder when 1778 is divided by 169?
88
Calculate the remainder when 46944 is divided by 3597.
183
What is the remainder when 34750 is divided by 955?
370
What is the remainder when 5136 is divided by 1567?
435
What is the remainder when 36507 is divided by 83?
70
What is the remainder when 114106 is divided by 28520?
26
What is the remainder when 4185 is divided by 670?
165
What is the remainder when 67206 is divided by 124?
122
Calculate the remainder when 4434 is divided by 295.
9
Calculate the remainder when 251021 is divided by 102.
101
Calculate the remainder when 248922 is divided by 248899.
23
Calculate the remainder when 554 is divided by 53.
24
What is the remainder when 4264 is divided by 1362?
178
Calculate the remainder when 10020256 is divided by 1059.
1057
What is the remainder when 41561 is divided by 48?
41
What is the remainder when 811981 is divided by 12687?
13
Calculate the remainder when 3971 is divided by 50.
21
What is the remainder when 4027 is divided by 5?
2
Calculate the remainder when 2532 is divided by 888.
756
What is the remainder when 14895 is divided by 3681?
171
What is the remainder when 548 is divided by 120?
68
Calculate the remainder when 130067 is divided by 229.
224
Calculate the remainder when 119821 is divided by 19968.
13
Calculate the remainder when 1288436 is divided by 3205.
26
What is the remainder when 251 is divided by 153?
98
What is the remainder when 16479 is divided by 80?
79
What is the remainder when 155033 is divided by 891?
890
What is the remainder when 174305 is divided by 566?
543
Calculate the remainder when 103519 is divided by 30.
19
What is the remainder when 36041 is divided by 8995?
61
Calculate the remainder when 19280 is divided by 9631.
18
Calculate the remainder when 23559 is divided by 155.
154
What is the remainder when 7319 is divided by 405?
29
What is the remainder when 4107 is divided by 1366?
9
What is the remainder when 1026072 is divided by 5?
2
What is the remainder when 36693 is divided by 191?
21
Calculate the remainder when 208901 is divided by 990.
11
What is the remainder when 755 is divided by 217?
104
Calculate the remainder when 115810 is divided by 16527.
121
Calculate the remainder when 3961 is divided by 44.
1
What is the remainder when 1421 is divided by 521?
379
Calculate the remainder when 198467 is divided by 298.
297
Calculate the remainder when 726 is divided by 51.
12
Calculate the remainder when 15442 is divided by 11.
9
What is the remainder when 32008 is divided by 2?
0
What is the remainder when 335443 is divided by 19?
17
Calculate the remainder when 1137 is divided by 57.
54
Calculate the remainder when 154587 is divided by 801.
795
What is the remainder when 11833 is divided 